Last updated on 2024-05-04 01:48:45 CEST.
Flavor | Version | Tinstall | Tcheck | Ttotal | Status | Flags |
---|---|---|---|---|---|---|
r-devel-linux-x86_64-debian-clang | 0.9.5 | 5.29 | 35.38 | 40.67 | NOTE | |
r-devel-linux-x86_64-fedora-clang | 0.9.5 | 54.58 | NOTE | |||
r-devel-linux-x86_64-fedora-gcc | 0.9.5 | 54.03 | NOTE | |||
r-devel-windows-x86_64 | 0.9.5 | 6.00 | 56.00 | 62.00 | NOTE | |
r-patched-linux-x86_64 | 0.9.5 | 4.53 | 33.87 | 38.40 | NOTE | |
r-release-linux-x86_64 | 0.9.5 | 4.45 | 34.53 | 38.98 | NOTE | |
r-release-macos-arm64 | 0.9.5 | 22.00 | NOTE | |||
r-release-windows-x86_64 | 0.9.5 | 7.00 | 54.00 | 61.00 | NOTE | |
r-oldrel-macos-arm64 | 0.9.5 | 26.00 | OK | |||
r-oldrel-macos-x86_64 | 0.9.5 | 34.00 | OK | |||
r-oldrel-windows-x86_64 | 0.9.5 | 8.00 | 74.00 | 82.00 | OK |
Version: 0.9.5
Check: Rd files
Result: NOTE
checkRd: (-1) matches.Rd:33: Lost braces; missing escapes or markup?
33 | be set to an index value of \code{length+1}. If {indexes=FALSE}, they will
| ^
Flavors: r-devel-linux-x86_64-debian-clang, r-devel-linux-x86_64-fedora-clang, r-devel-linux-x86_64-fedora-gcc, r-devel-windows-x86_64, r-patched-linux-x86_64, r-release-linux-x86_64, r-release-macos-arm64, r-release-windows-x86_64
Version: 0.9.5
Check: compiled code
Result: NOTE
File ‘grr/libs/grr.so’:
Found no calls to: ‘R_registerRoutines’, ‘R_useDynamicSymbols’
It is good practice to register native routines and to disable symbol
search.
See ‘Writing portable packages’ in the ‘Writing R Extensions’ manual.
Flavors: r-devel-linux-x86_64-fedora-clang, r-devel-linux-x86_64-fedora-gcc
These binaries (installable software) and packages are in development.
They may not be fully stable and should be used with caution. We make no claims about them.