Last updated on 2025-10-24 23:48:52 CEST.
| Flavor | Version | Tinstall | Tcheck | Ttotal | Status | Flags |
|---|---|---|---|---|---|---|
| r-devel-linux-x86_64-debian-clang | 0.4.1 | 6.27 | 124.51 | 130.78 | NOTE | |
| r-devel-linux-x86_64-debian-gcc | 0.4.1 | 4.29 | 86.04 | 90.33 | NOTE | |
| r-devel-linux-x86_64-fedora-clang | 0.4.1 | 23.00 | 189.79 | 212.79 | NOTE | |
| r-devel-linux-x86_64-fedora-gcc | 0.4.1 | 27.00 | 184.35 | 211.35 | NOTE | |
| r-devel-windows-x86_64 | 0.4.1 | 8.00 | 119.00 | 127.00 | OK | |
| r-patched-linux-x86_64 | 0.4.1 | 6.32 | 118.99 | 125.31 | OK | |
| r-release-linux-x86_64 | 0.4.1 | 4.37 | 117.19 | 121.56 | OK | |
| r-release-macos-arm64 | 0.4.1 | 2.00 | 58.00 | 60.00 | OK | |
| r-release-macos-x86_64 | 0.4.1 | 4.00 | 107.00 | 111.00 | OK | |
| r-release-windows-x86_64 | 0.4.1 | 9.00 | 123.00 | 132.00 | OK | |
| r-oldrel-macos-arm64 | 0.4.1 | 3.00 | 63.00 | 66.00 | OK | |
| r-oldrel-macos-x86_64 | 0.4.1 | 4.00 | 97.00 | 101.00 | OK | |
| r-oldrel-windows-x86_64 | 0.4.1 | 9.00 | 164.00 | 173.00 | OK |
Version: 0.4.1
Check: Rd files
Result: NOTE
checkRd: (-1) add_overall_tbl_ae.Rd:46: height/width attributes should be in pixels
checkRd: (-1) add_overall_tbl_ae.Rd:50: height/width attributes should be in pixels
checkRd: (-1) add_overall_tbl_ae.Rd:54: height/width attributes should be in pixels
checkRd: (-1) add_overall_tbl_ae.Rd:58: height/width attributes should be in pixels
checkRd: (-1) selectors.Rd:44: height/width attributes should be in pixels
checkRd: (-1) tbl_ae.Rd:90: height/width attributes should be in pixels
checkRd: (-1) tbl_ae.Rd:94: height/width attributes should be in pixels
checkRd: (-1) tbl_ae_count.Rd:75: height/width attributes should be in pixels
checkRd: (-1) tbl_ae_focus.Rd:80: height/width attributes should be in pixels
checkRd: (-1) tbl_listing.Rd:67: height/width attributes should be in pixels
checkRd: (-1) tbl_listing.Rd:71: height/width attributes should be in pixels
checkRd: (-1) tbl_reg_summary.Rd:86: height/width attributes should be in pixels
Flavors: r-devel-linux-x86_64-debian-clang, r-devel-linux-x86_64-debian-gcc, r-devel-linux-x86_64-fedora-clang, r-devel-linux-x86_64-fedora-gcc
These binaries (installable software) and packages are in development.
They may not be fully stable and should be used with caution. We make no claims about them.