Last updated on 2024-05-04 01:48:45 CEST.
Flavor | Version | Tinstall | Tcheck | Ttotal | Status | Flags |
---|---|---|---|---|---|---|
r-devel-linux-x86_64-debian-clang | 1.10-2 | 2.39 | 35.21 | 37.60 | NOTE | |
r-devel-linux-x86_64-fedora-clang | 1.10-2 | 49.02 | NOTE | |||
r-devel-linux-x86_64-fedora-gcc | 1.10-2 | 56.73 | NOTE | |||
r-devel-windows-x86_64 | 1.10-2 | 2.00 | 61.00 | 63.00 | NOTE | |
r-patched-linux-x86_64 | 1.10-2 | 2.33 | 33.46 | 35.79 | NOTE | |
r-release-linux-x86_64 | 1.10-2 | 2.13 | 34.04 | 36.17 | NOTE | |
r-release-macos-arm64 | 1.10-2 | 25.00 | NOTE | |||
r-release-windows-x86_64 | 1.10-2 | 4.00 | 60.00 | 64.00 | NOTE | |
r-oldrel-macos-arm64 | 1.10-2 | 28.00 | OK | |||
r-oldrel-macos-x86_64 | 1.10-2 | 45.00 | OK | |||
r-oldrel-windows-x86_64 | 1.10-2 | 3.00 | 58.00 | 61.00 | OK |
Version: 1.10-2
Check: Rd files
Result: NOTE
checkRd: (-1) gumbel.Rd:65: Lost braces in \itemize; meant \describe ?
checkRd: (-1) gumbel.Rd:66: Lost braces in \itemize; meant \describe ?
checkRd: (-1) gumbel.Rd:67: Lost braces in \itemize; meant \describe ?
checkRd: (-1) gumbel.Rd:73: Lost braces in \itemize; meant \describe ?
checkRd: (-1) gumbel.Rd:74: Lost braces in \itemize; meant \describe ?
checkRd: (-1) gumbel.Rd:75: Lost braces in \itemize; meant \describe ?
Flavors: r-devel-linux-x86_64-debian-clang, r-devel-linux-x86_64-fedora-clang, r-devel-linux-x86_64-fedora-gcc, r-devel-windows-x86_64, r-patched-linux-x86_64, r-release-linux-x86_64, r-release-macos-arm64, r-release-windows-x86_64
These binaries (installable software) and packages are in development.
They may not be fully stable and should be used with caution. We make no claims about them.