Last updated on 2024-05-04 01:48:45 CEST.
Flavor | Version | Tinstall | Tcheck | Ttotal | Status | Flags |
---|---|---|---|---|---|---|
r-devel-linux-x86_64-debian-clang | 3.44.0.3 | 70.26 | 219.79 | 290.05 | OK | |
r-devel-linux-x86_64-fedora-clang | 3.44.0.3 | 337.41 | NOTE | |||
r-devel-linux-x86_64-fedora-gcc | 3.44.0.3 | 290.68 | OK | |||
r-devel-windows-x86_64 | 3.44.0.3 | 55.00 | 230.00 | 285.00 | NOTE | |
r-patched-linux-x86_64 | 3.44.0.3 | 46.58 | 201.60 | 248.18 | OK | |
r-release-linux-x86_64 | 3.44.0.3 | 38.04 | 198.07 | 236.11 | OK | |
r-release-macos-arm64 | 3.44.0.3 | 99.00 | NOTE | |||
r-release-windows-x86_64 | 3.44.0.3 | 59.00 | 233.00 | 292.00 | NOTE | |
r-oldrel-macos-arm64 | 3.44.0.3 | 120.00 | NOTE | |||
r-oldrel-macos-x86_64 | 3.44.0.3 | 244.00 | NOTE | |||
r-oldrel-windows-x86_64 | 3.44.0.3 | 63.00 | 285.00 | 348.00 | NOTE |
Version: 3.44.0.3
Check: installed package size
Result: NOTE
installed size is 267.8Mb
sub-directories of 1Mb or more:
R 1.5Mb
help 1.0Mb
java 264.7Mb
Flavors: r-devel-linux-x86_64-fedora-clang, r-devel-windows-x86_64, r-release-macos-arm64, r-release-windows-x86_64, r-oldrel-macos-arm64, r-oldrel-macos-x86_64, r-oldrel-windows-x86_64
These binaries (installable software) and packages are in development.
They may not be fully stable and should be used with caution. We make no claims about them.