CRAN Package Check Results for Package hIRT

Last updated on 2025-10-23 17:50:50 CEST.

Flavor Version Tinstall Tcheck Ttotal Status Flags
r-devel-linux-x86_64-debian-clang 0.3.0 15.18 140.84 156.02 NOTE
r-devel-linux-x86_64-debian-gcc 0.3.0 10.04 101.28 111.32 NOTE
r-devel-linux-x86_64-fedora-clang 0.3.0 95.00 160.67 255.67 OK
r-devel-linux-x86_64-fedora-gcc 0.3.0 29.00 198.47 227.47 OK
r-devel-windows-x86_64 0.3.0 16.00 141.00 157.00 OK
r-patched-linux-x86_64 0.3.0 15.00 132.06 147.06 OK
r-release-linux-x86_64 0.3.0 13.77 133.09 146.86 OK
r-release-macos-arm64 0.3.0 6.00 53.00 59.00 OK
r-release-macos-x86_64 0.3.0 11.00 98.00 109.00 OK
r-release-windows-x86_64 0.3.0 18.00 140.00 158.00 OK
r-oldrel-macos-arm64 0.3.0 5.00 52.00 57.00 OK
r-oldrel-macos-x86_64 0.3.0 9.00 75.00 84.00 OK
r-oldrel-windows-x86_64 0.3.0 22.00 185.00 207.00 OK

Check Details

Version: 0.3.0
Check: CRAN incoming feasibility
Result: NOTE Maintainer: ‘Xiang Zhou <xiang_zhou@fas.harvard.edu>’ The BugReports field in DESCRIPTION has http://github.com/xiangzhou09/hIRT which should likely be http://github.com/xiangzhou09/hIRT/issues instead. Found the following URLs which should use \doi (with the DOI name only): File ‘hgrm.Rd’: https://doi.org/10.1017/pan.2018.63 File ‘hltm.Rd’: https://doi.org/10.1017/pan.2018.63 Flavors: r-devel-linux-x86_64-debian-clang, r-devel-linux-x86_64-debian-gcc

Version: 0.3.0
Check: HTML version of manual
Result: NOTE Found the following HTML validation problems: print.hIRT.html:55:1 (print.hIRT.Rd:14): Warning: missing </ul> before </div> Flavor: r-devel-linux-x86_64-debian-clang

These binaries (installable software) and packages are in development.
They may not be fully stable and should be used with caution. We make no claims about them.