Last updated on 2024-05-04 01:48:45 CEST.
Flavor | Version | Tinstall | Tcheck | Ttotal | Status | Flags |
---|---|---|---|---|---|---|
r-devel-linux-x86_64-debian-clang | 0.8.0 | 12.55 | 125.51 | 138.06 | OK | |
r-devel-linux-x86_64-fedora-clang | 0.8.0 | 180.78 | NOTE | |||
r-devel-linux-x86_64-fedora-gcc | 0.8.0 | 171.79 | OK | |||
r-devel-windows-x86_64 | 0.8.0 | 13.00 | 113.00 | 126.00 | OK | |
r-patched-linux-x86_64 | 0.8.0 | 13.65 | 119.11 | 132.76 | OK | |
r-release-linux-x86_64 | 0.8.0 | 6.96 | 119.23 | 126.19 | OK | |
r-release-macos-arm64 | 0.8.0 | 54.00 | OK | |||
r-release-windows-x86_64 | 0.8.0 | 10.00 | 117.00 | 127.00 | OK | |
r-oldrel-macos-arm64 | 0.8.0 | 52.00 | OK | |||
r-oldrel-macos-x86_64 | 0.8.0 | 90.00 | OK | |||
r-oldrel-windows-x86_64 | 0.8.0 | 14.00 | 132.00 | 146.00 | OK |
Version: 0.8.0
Check: Rd cross-references
Result: NOTE
Undeclared package ‘mnis’ in Rd xrefs
Flavor: r-devel-linux-x86_64-fedora-clang
These binaries (installable software) and packages are in development.
They may not be fully stable and should be used with caution. We make no claims about them.