Last updated on 2024-05-04 01:48:45 CEST.
Flavor | Version | Tinstall | Tcheck | Ttotal | Status | Flags |
---|---|---|---|---|---|---|
r-devel-linux-x86_64-debian-clang | 1.0.4 | 14.17 | 92.29 | 106.46 | OK | |
r-devel-linux-x86_64-fedora-clang | 1.0.4 | 135.26 | NOTE | |||
r-devel-linux-x86_64-fedora-gcc | 1.0.4 | 134.48 | NOTE | |||
r-devel-windows-x86_64 | 1.0.4 | 14.00 | 86.00 | 100.00 | OK | |
r-patched-linux-x86_64 | 1.0.4 | 0.39 | 2.22 | 2.61 | ERROR | |
r-release-linux-x86_64 | 1.0.4 | 0.41 | 2.42 | 2.83 | ERROR | |
r-release-macos-arm64 | 1.0.4 | 46.00 | OK | |||
r-release-windows-x86_64 | 1.0.4 | 14.00 | 85.00 | 99.00 | OK | |
r-oldrel-macos-arm64 | 1.0.4 | 47.00 | OK | |||
r-oldrel-macos-x86_64 | 1.0.4 | 89.00 | OK | |||
r-oldrel-windows-x86_64 | 1.0.4 | 17.00 | 100.00 | 117.00 | OK |
Version: 1.0.4
Check: dependencies in R code
Result: NOTE
Namespaces in Imports field not imported from:
‘TidyDensity’ ‘healthyR’ ‘healthyR.ai’ ‘healthyR.data’ ‘healthyR.ts’
‘tidyAML’
All declared Imports should be used.
Flavors: r-devel-linux-x86_64-fedora-clang, r-devel-linux-x86_64-fedora-gcc
Version: 1.0.4
Check: package dependencies
Result: ERROR
Packages required but not available: 'healthyR.ts', 'healthyR.ai'
See section ‘The DESCRIPTION file’ in the ‘Writing R Extensions’
manual.
Flavors: r-patched-linux-x86_64, r-release-linux-x86_64
These binaries (installable software) and packages are in development.
They may not be fully stable and should be used with caution. We make no claims about them.