Last updated on 2025-10-23 11:50:15 CEST.
Flavor | Version | Tinstall | Tcheck | Ttotal | Status | Flags |
---|---|---|---|---|---|---|
r-devel-linux-x86_64-debian-clang | 1.28.5 | 9.49 | 67.76 | 77.25 | OK | |
r-devel-linux-x86_64-debian-gcc | 1.28.5 | 6.42 | 51.74 | 58.16 | OK | |
r-devel-linux-x86_64-fedora-clang | 1.28.5 | 50.00 | 75.61 | 125.61 | OK | |
r-devel-linux-x86_64-fedora-gcc | 1.28.5 | 47.00 | 86.49 | 133.49 | OK | |
r-devel-windows-x86_64 | 1.28.5 | 14.00 | 92.00 | 106.00 | OK | |
r-patched-linux-x86_64 | 1.28.5 | 8.11 | 65.99 | 74.10 | OK | |
r-release-linux-x86_64 | 1.28.5 | 7.11 | 65.98 | 73.09 | OK | |
r-release-macos-arm64 | 1.28.5 | 7.00 | 40.00 | 47.00 | NOTE | |
r-release-macos-x86_64 | 1.28.5 | 10.00 | 67.00 | 77.00 | NOTE | |
r-release-windows-x86_64 | 1.28.5 | 12.00 | 94.00 | 106.00 | OK | |
r-oldrel-macos-arm64 | 1.28.5 | 6.00 | 43.00 | 49.00 | OK | |
r-oldrel-macos-x86_64 | 1.28.5 | 19.00 | 266.00 | 285.00 | OK | |
r-oldrel-windows-x86_64 | 1.28.5 | 14.00 | 144.00 | 158.00 | OK |
Version: 1.28.5
Check: re-building of vignette outputs
Result: NOTE
Note: skipping ‘hexagon_binning.Rnw’ due to unavailable dependencies:
'marray'
Flavors: r-release-macos-arm64, r-release-macos-x86_64
These binaries (installable software) and packages are in development.
They may not be fully stable and should be used with caution. We make no claims about them.