Last updated on 2024-05-04 01:48:45 CEST.
Flavor | Version | Tinstall | Tcheck | Ttotal | Status | Flags |
---|---|---|---|---|---|---|
r-devel-linux-x86_64-debian-clang | 3.0.3 | 221.89 | 96.80 | 318.69 | OK | |
r-devel-linux-x86_64-fedora-clang | 3.0.3 | 452.94 | OK | |||
r-devel-linux-x86_64-fedora-gcc | 3.0.3 | 477.13 | OK | |||
r-devel-windows-x86_64 | 3.0.3 | 191.00 | 111.00 | 302.00 | OK | |
r-patched-linux-x86_64 | 3.0.3 | 242.66 | 90.21 | 332.87 | OK | |
r-release-linux-x86_64 | 3.0.3 | 241.99 | 91.05 | 333.04 | OK | |
r-release-macos-arm64 | 3.0.3 | 90.00 | NOTE | |||
r-release-macos-x86_64 | 3.0.3 | 151.00 | NOTE | |||
r-release-windows-x86_64 | 3.0.3 | 187.00 | 108.00 | 295.00 | OK | |
r-oldrel-macos-arm64 | 3.0.3 | 97.00 | NOTE | |||
r-oldrel-macos-x86_64 | 3.0.3 | 140.00 | NOTE | |||
r-oldrel-windows-x86_64 | 3.0.3 | 228.00 | 136.00 | 364.00 | OK |
Version: 3.0.3
Check: installed package size
Result: NOTE
installed size is 10.9Mb
sub-directories of 1Mb or more:
libs 10.4Mb
Flavors: r-release-macos-arm64, r-release-macos-x86_64, r-oldrel-macos-arm64, r-oldrel-macos-x86_64
These binaries (installable software) and packages are in development.
They may not be fully stable and should be used with caution. We make no claims about them.