Last updated on 2024-05-04 01:48:45 CEST.
Flavor | Version | Tinstall | Tcheck | Ttotal | Status | Flags |
---|---|---|---|---|---|---|
r-devel-linux-x86_64-debian-clang | 0.0.6 | 3.47 | 47.74 | 51.21 | NOTE | |
r-devel-linux-x86_64-fedora-clang | 0.0.6 | 63.39 | NOTE | |||
r-devel-linux-x86_64-fedora-gcc | 0.0.6 | 67.87 | NOTE | |||
r-devel-windows-x86_64 | 0.0.6 | 4.00 | 59.00 | 63.00 | NOTE | |
r-patched-linux-x86_64 | 0.0.6 | 2.83 | 50.43 | 53.26 | NOTE | |
r-release-linux-x86_64 | 0.0.6 | 2.72 | 52.90 | 55.62 | NOTE | |
r-release-macos-arm64 | 0.0.6 | 24.00 | NOTE | |||
r-release-windows-x86_64 | 0.0.6 | 4.00 | 59.00 | 63.00 | NOTE | |
r-oldrel-macos-arm64 | 0.0.6 | 28.00 | NOTE | |||
r-oldrel-macos-x86_64 | 0.0.6 | 42.00 | NOTE | |||
r-oldrel-windows-x86_64 | 0.0.6 | 4.00 | 65.00 | 69.00 | NOTE |
Version: 0.0.6
Check: LazyData
Result: NOTE
'LazyData' is specified without a 'data' directory
Flavors: r-devel-linux-x86_64-debian-clang, r-devel-linux-x86_64-fedora-clang, r-devel-linux-x86_64-fedora-gcc, r-devel-windows-x86_64, r-patched-linux-x86_64, r-release-linux-x86_64, r-release-macos-arm64, r-release-windows-x86_64, r-oldrel-macos-arm64, r-oldrel-macos-x86_64, r-oldrel-windows-x86_64
Version: 0.0.6
Check: dependencies in R code
Result: NOTE
Namespace in Imports field not imported from: ‘survival’
All declared Imports should be used.
Flavors: r-devel-linux-x86_64-fedora-clang, r-devel-linux-x86_64-fedora-gcc
These binaries (installable software) and packages are in development.
They may not be fully stable and should be used with caution. We make no claims about them.