Last updated on 2024-05-04 01:48:45 CEST.
Flavor | Version | Tinstall | Tcheck | Ttotal | Status | Flags |
---|---|---|---|---|---|---|
r-devel-linux-x86_64-debian-clang | 1.3.3 | 273.03 | 43.52 | 316.55 | OK | |
r-devel-linux-x86_64-fedora-clang | 1.3.3 | 418.52 | OK | |||
r-devel-linux-x86_64-fedora-gcc | 1.3.3 | 479.39 | OK | |||
r-devel-windows-x86_64 | 1.3.3 | 197.00 | 90.00 | 287.00 | OK | |
r-patched-linux-x86_64 | 1.3.3 | 258.11 | 42.30 | 300.41 | OK | |
r-release-linux-x86_64 | 1.3.3 | 259.22 | 39.99 | 299.21 | OK | |
r-release-macos-arm64 | 1.3.3 | 80.00 | NOTE | |||
r-release-windows-x86_64 | 1.3.3 | 189.00 | 84.00 | 273.00 | OK | |
r-oldrel-macos-arm64 | 1.3.3 | 84.00 | NOTE | |||
r-oldrel-macos-x86_64 | 1.3.3 | 102.00 | NOTE | |||
r-oldrel-windows-x86_64 | 1.3.3 | 244.00 | 99.00 | 343.00 | OK |
Version: 1.3.3
Check: installed package size
Result: NOTE
installed size is 15.1Mb
sub-directories of 1Mb or more:
libs 14.8Mb
Flavors: r-release-macos-arm64, r-oldrel-macos-arm64, r-oldrel-macos-x86_64
These binaries (installable software) and packages are in development.
They may not be fully stable and should be used with caution. We make no claims about them.