Last updated on 2024-05-04 01:48:45 CEST.
Flavor | Version | Tinstall | Tcheck | Ttotal | Status | Flags |
---|---|---|---|---|---|---|
r-devel-linux-x86_64-debian-clang | 0.5.8.1 | 9.24 | 95.89 | 105.13 | NOTE | |
r-devel-linux-x86_64-fedora-clang | 0.5.8.1 | 126.57 | NOTE | |||
r-devel-linux-x86_64-fedora-gcc | 0.5.8.1 | 117.82 | NOTE | |||
r-devel-windows-x86_64 | 0.5.8.1 | 11.00 | 98.00 | 109.00 | NOTE | |
r-patched-linux-x86_64 | 0.5.8.1 | 9.84 | 94.32 | 104.16 | OK | |
r-release-linux-x86_64 | 0.5.8.1 | 9.16 | 93.03 | 102.19 | OK | |
r-release-macos-arm64 | 0.5.8.1 | 33.00 | OK | |||
r-release-macos-x86_64 | 0.5.8.1 | 118.00 | OK | |||
r-release-windows-x86_64 | 0.5.8.1 | 12.00 | 96.00 | 108.00 | OK | |
r-oldrel-macos-arm64 | 0.5.8.1 | 45.00 | OK | |||
r-oldrel-macos-x86_64 | 0.5.8.1 | 106.00 | OK | |||
r-oldrel-windows-x86_64 | 0.5.8.1 | 13.00 | 114.00 | 127.00 | OK |
Version: 0.5.8.1
Check: compiled code
Result: NOTE
File ‘htmltools/libs/htmltools.so’:
Found non-API calls to R: ‘SETLENGTH’, ‘SET_TRUELENGTH’
Compiled code should not call non-API entry points in R.
See ‘Writing portable packages’ in the ‘Writing R Extensions’ manual.
Flavors: r-devel-linux-x86_64-debian-clang, r-devel-linux-x86_64-fedora-clang, r-devel-linux-x86_64-fedora-gcc
Version: 0.5.8.1
Check: compiled code
Result: NOTE
File 'htmltools/libs/x64/htmltools.dll':
Found non-API calls to R: 'SETLENGTH', 'SET_TRUELENGTH'
Compiled code should not call non-API entry points in R.
See 'Writing portable packages' in the 'Writing R Extensions' manual.
Flavor: r-devel-windows-x86_64
These binaries (installable software) and packages are in development.
They may not be fully stable and should be used with caution. We make no claims about them.