Last updated on 2024-05-04 01:48:45 CEST.
Flavor | Version | Tinstall | Tcheck | Ttotal | Status | Flags |
---|---|---|---|---|---|---|
r-devel-linux-x86_64-debian-clang | 0.8.5 | 3.70 | 42.01 | 45.71 | OK | |
r-devel-linux-x86_64-fedora-clang | 0.8.5 | 78.11 | NOTE | |||
r-devel-linux-x86_64-fedora-gcc | 0.8.5 | 86.34 | NOTE | |||
r-devel-windows-x86_64 | 0.8.5 | 5.00 | 65.00 | 70.00 | OK | |
r-patched-linux-x86_64 | 0.8.5 | 3.62 | 37.81 | 41.43 | OK | |
r-release-linux-x86_64 | 0.8.5 | 3.00 | 34.09 | 37.09 | OK | |
r-release-macos-arm64 | 0.8.5 | 28.00 | OK | |||
r-release-windows-x86_64 | 0.8.5 | 4.00 | 65.00 | 69.00 | OK | |
r-oldrel-macos-arm64 | 0.8.5 | 34.00 | NOTE | |||
r-oldrel-macos-x86_64 | 0.8.5 | 84.00 | NOTE | |||
r-oldrel-windows-x86_64 | 0.8.5 | 5.00 | 80.00 | 85.00 | OK |
Version: 0.8.5
Check: package dependencies
Result: NOTE
Package suggested but not available for checking: ‘flowCore’
Flavors: r-devel-linux-x86_64-fedora-clang, r-devel-linux-x86_64-fedora-gcc, r-oldrel-macos-arm64, r-oldrel-macos-x86_64
These binaries (installable software) and packages are in development.
They may not be fully stable and should be used with caution. We make no claims about them.