Last updated on 2024-05-04 01:48:46 CEST.
Flavor | Version | Tinstall | Tcheck | Ttotal | Status | Flags |
---|---|---|---|---|---|---|
r-devel-linux-x86_64-debian-clang | 2.0.1 | 14.42 | 158.34 | 172.76 | NOTE | |
r-devel-linux-x86_64-fedora-clang | 2.0.1 | 218.34 | NOTE | |||
r-devel-linux-x86_64-fedora-gcc | 2.0.1 | 206.89 | NOTE | |||
r-devel-windows-x86_64 | 2.0.1 | 15.00 | 140.00 | 155.00 | NOTE | |
r-patched-linux-x86_64 | 2.0.1 | 19.06 | 148.45 | 167.51 | NOTE | |
r-release-linux-x86_64 | 2.0.1 | 9.09 | 148.96 | 158.05 | NOTE | |
r-release-macos-arm64 | 2.0.1 | 57.00 | NOTE | |||
r-release-windows-x86_64 | 2.0.1 | 14.00 | 136.00 | 150.00 | NOTE | |
r-oldrel-macos-arm64 | 2.0.1 | 60.00 | NOTE | |||
r-oldrel-macos-x86_64 | 2.0.1 | 129.00 | NOTE | |||
r-oldrel-windows-x86_64 | 2.0.1 | 18.00 | 170.00 | 188.00 | NOTE |
Version: 2.0.1
Check: package dependencies
Result: NOTE
Package suggested but not available for checking: ‘surveyspec’
Flavors: r-devel-linux-x86_64-debian-clang, r-devel-linux-x86_64-fedora-clang, r-devel-linux-x86_64-fedora-gcc, r-devel-windows-x86_64, r-patched-linux-x86_64, r-release-linux-x86_64, r-release-macos-arm64, r-release-windows-x86_64, r-oldrel-macos-arm64, r-oldrel-macos-x86_64, r-oldrel-windows-x86_64
These binaries (installable software) and packages are in development.
They may not be fully stable and should be used with caution. We make no claims about them.