Last updated on 2024-05-04 01:48:46 CEST.
Flavor | Version | Tinstall | Tcheck | Ttotal | Status | Flags |
---|---|---|---|---|---|---|
r-devel-linux-x86_64-debian-clang | 0.1.1 | 24.77 | 63.45 | 88.22 | NOTE | |
r-devel-linux-x86_64-fedora-clang | 0.1.1 | 114.30 | NOTE | |||
r-devel-linux-x86_64-fedora-gcc | 0.1.1 | 107.87 | NOTE | |||
r-devel-windows-x86_64 | 0.1.1 | 20.00 | 80.00 | 100.00 | NOTE | |
r-patched-linux-x86_64 | 0.1.1 | 19.78 | 57.37 | 77.15 | NOTE | |
r-release-linux-x86_64 | 0.1.1 | 24.19 | 59.62 | 83.81 | NOTE | |
r-release-macos-arm64 | 0.1.1 | 30.00 | NOTE | |||
r-release-windows-x86_64 | 0.1.1 | 22.00 | 85.00 | 107.00 | NOTE | |
r-oldrel-macos-arm64 | 0.1.1 | 33.00 | OK | |||
r-oldrel-macos-x86_64 | 0.1.1 | 54.00 | OK | |||
r-oldrel-windows-x86_64 | 0.1.1 | 21.00 | 94.00 | 115.00 | OK |
Version: 0.1.1
Check: Rd files
Result: NOTE
checkRd: (-1) image_contour_detector.Rd:19: Lost braces in \itemize; \value handles \item{}{} directly
checkRd: (-1) image_contour_detector.Rd:20: Lost braces in \itemize; \value handles \item{}{} directly
checkRd: (-1) image_contour_detector.Rd:21: Lost braces in \itemize; \value handles \item{}{} directly
Flavors: r-devel-linux-x86_64-debian-clang, r-devel-linux-x86_64-fedora-clang, r-devel-linux-x86_64-fedora-gcc, r-devel-windows-x86_64, r-patched-linux-x86_64, r-release-linux-x86_64, r-release-macos-arm64, r-release-windows-x86_64
These binaries (installable software) and packages are in development.
They may not be fully stable and should be used with caution. We make no claims about them.