CRAN Package Check Results for Package image.libfacedetection

Last updated on 2025-10-23 21:51:29 CEST.

Flavor Version Tinstall Tcheck Ttotal Status Flags
r-devel-linux-x86_64-debian-clang 0.1 29.71 34.68 64.39 NOTE
r-devel-linux-x86_64-debian-gcc 0.1 15.81 25.11 40.92 NOTE
r-devel-linux-x86_64-fedora-clang 0.1 98.00 12.14 110.14 NOTE
r-devel-linux-x86_64-fedora-gcc 0.1 40.00 44.16 84.16 NOTE
r-devel-windows-x86_64 0.1 29.00 68.00 97.00 NOTE
r-patched-linux-x86_64 0.1 23.72 34.59 58.31 NOTE
r-release-linux-x86_64 0.1 23.10 34.34 57.44 NOTE
r-release-macos-arm64 0.1 10.00 18.00 28.00 NOTE
r-release-macos-x86_64 0.1 15.00 36.00 51.00 NOTE
r-release-windows-x86_64 0.1 30.00 70.00 100.00 NOTE
r-oldrel-macos-arm64 0.1 12.00 17.00 29.00 NOTE
r-oldrel-macos-x86_64 0.1 15.00 25.00 40.00 NOTE
r-oldrel-windows-x86_64 0.1 33.00 83.00 116.00 NOTE

Check Details

Version: 0.1
Check: C++ specification
Result: NOTE Specified C++11: please drop specification unless essential Flavors: r-devel-linux-x86_64-debian-clang, r-devel-linux-x86_64-debian-gcc, r-devel-linux-x86_64-fedora-clang, r-devel-linux-x86_64-fedora-gcc, r-devel-windows-x86_64, r-patched-linux-x86_64, r-release-linux-x86_64, r-release-macos-arm64, r-release-macos-x86_64, r-release-windows-x86_64, r-oldrel-macos-arm64, r-oldrel-macos-x86_64, r-oldrel-windows-x86_64

These binaries (installable software) and packages are in development.
They may not be fully stable and should be used with caution. We make no claims about them.