Last updated on 2024-05-04 01:48:46 CEST.
Flavor | Version | Tinstall | Tcheck | Ttotal | Status | Flags |
---|---|---|---|---|---|---|
r-devel-linux-x86_64-debian-clang | 0.99.0 | 0.83 | 2.35 | 3.18 | ERROR | |
r-devel-linux-x86_64-fedora-clang | 0.99.0 | 506.74 | OK | |||
r-devel-linux-x86_64-fedora-gcc | 0.99.0 | 463.10 | OK | |||
r-devel-windows-x86_64 | 0.99.0 | 30.00 | 242.00 | 272.00 | OK | |
r-patched-linux-x86_64 | 0.99.0 | 30.65 | 318.10 | 348.75 | OK | |
r-release-linux-x86_64 | 0.99.0 | 31.35 | 320.13 | 351.48 | OK | |
r-release-macos-arm64 | 0.99.0 | 123.00 | OK | |||
r-release-macos-x86_64 | 0.99.0 | 295.00 | OK | |||
r-release-windows-x86_64 | 0.99.0 | 29.00 | 238.00 | 267.00 | OK | |
r-oldrel-macos-arm64 | 0.99.0 | 122.00 | OK | |||
r-oldrel-macos-x86_64 | 0.99.0 | 198.00 | OK | |||
r-oldrel-windows-x86_64 | 0.99.0 | 37.00 | 309.00 | 346.00 | OK |
Version: 0.99.0
Check: package dependencies
Result: ERROR
Packages required but not available:
'SingleCellExperiment', 'SummarizedExperiment'
See section ‘The DESCRIPTION file’ in the ‘Writing R Extensions’
manual.
Flavor: r-devel-linux-x86_64-debian-clang
These binaries (installable software) and packages are in development.
They may not be fully stable and should be used with caution. We make no claims about them.