Last updated on 2024-05-04 01:48:46 CEST.
Flavor | Version | Tinstall | Tcheck | Ttotal | Status | Flags |
---|---|---|---|---|---|---|
r-devel-linux-x86_64-debian-clang | 1.7.3 | 3.95 | 140.45 | 144.40 | NOTE | |
r-devel-linux-x86_64-fedora-clang | 1.7.3 | 181.38 | NOTE | |||
r-devel-linux-x86_64-fedora-gcc | 1.7.3 | 188.21 | NOTE | |||
r-devel-windows-x86_64 | 1.7.3 | 6.00 | 113.00 | 119.00 | NOTE | |
r-patched-linux-x86_64 | 1.7.3 | 5.26 | 134.31 | 139.57 | NOTE | |
r-release-linux-x86_64 | 1.7.3 | 4.39 | 131.96 | 136.35 | NOTE | |
r-release-macos-arm64 | 1.7.3 | 56.00 | NOTE | |||
r-release-windows-x86_64 | 1.7.3 | 5.00 | 113.00 | 118.00 | NOTE | |
r-oldrel-macos-arm64 | 1.7.3 | 61.00 | OK | |||
r-oldrel-macos-x86_64 | 1.7.3 | 95.00 | OK | |||
r-oldrel-windows-x86_64 | 1.7.3 | 6.00 | 132.00 | 138.00 | OK |
Version: 1.7.3
Check: Rd files
Result: NOTE
checkRd: (-1) incidence.Rd:172: Lost braces; missing escapes or markup?
172 | using the pattern "{n} {W} weeks" where "{W}" represents the weekday in an
| ^
checkRd: (-1) incidence.Rd:172: Lost braces; missing escapes or markup?
172 | using the pattern "{n} {W} weeks" where "{W}" represents the weekday in an
| ^
checkRd: (-1) incidence.Rd:172: Lost braces; missing escapes or markup?
172 | using the pattern "{n} {W} weeks" where "{W}" represents the weekday in an
| ^
checkRd: (-1) incidence.Rd:173: Lost braces; missing escapes or markup?
173 | English or current locale and "{n}" represents the duration, but this can be
| ^
Flavors: r-devel-linux-x86_64-debian-clang, r-devel-linux-x86_64-fedora-clang, r-devel-linux-x86_64-fedora-gcc, r-devel-windows-x86_64, r-patched-linux-x86_64, r-release-linux-x86_64, r-release-macos-arm64, r-release-windows-x86_64
These binaries (installable software) and packages are in development.
They may not be fully stable and should be used with caution. We make no claims about them.