Last updated on 2024-05-04 01:48:46 CEST.
Flavor | Version | Tinstall | Tcheck | Ttotal | Status | Flags |
---|---|---|---|---|---|---|
r-devel-linux-x86_64-debian-clang | 0.6.2 | 4.21 | 40.79 | 45.00 | NOTE | |
r-devel-linux-x86_64-fedora-clang | 0.6.2 | 56.74 | NOTE | |||
r-devel-linux-x86_64-fedora-gcc | 0.6.2 | 54.19 | NOTE | |||
r-devel-windows-x86_64 | 0.6.2 | 6.00 | 54.00 | 60.00 | NOTE | |
r-patched-linux-x86_64 | 0.6.2 | 4.92 | 38.27 | 43.19 | NOTE | |
r-release-linux-x86_64 | 0.6.2 | 4.07 | 38.64 | 42.71 | NOTE | |
r-release-macos-arm64 | 0.6.2 | 19.00 | NOTE | |||
r-release-windows-x86_64 | 0.6.2 | 5.00 | 54.00 | 59.00 | NOTE | |
r-oldrel-macos-arm64 | 0.6.2 | 21.00 | NOTE | |||
r-oldrel-macos-x86_64 | 0.6.2 | 32.00 | NOTE | |||
r-oldrel-windows-x86_64 | 0.6.2 | 5.00 | 56.00 | 61.00 | NOTE |
Version: 0.6.2
Check: package subdirectories
Result: NOTE
Problems with news in ‘NEWS.md’:
No news entries found.
Flavors: r-devel-linux-x86_64-debian-clang, r-devel-linux-x86_64-fedora-clang, r-devel-linux-x86_64-fedora-gcc, r-devel-windows-x86_64, r-patched-linux-x86_64, r-release-linux-x86_64, r-release-macos-arm64, r-release-windows-x86_64, r-oldrel-macos-arm64, r-oldrel-macos-x86_64, r-oldrel-windows-x86_64
These binaries (installable software) and packages are in development.
They may not be fully stable and should be used with caution. We make no claims about them.