CRAN Package Check Results for Package inspector

Last updated on 2025-10-23 21:51:30 CEST.

Flavor Version Tinstall Tcheck Ttotal Status Flags
r-devel-linux-x86_64-debian-clang 1.0.3 2.39 33.49 35.88 NOTE
r-devel-linux-x86_64-debian-gcc 1.0.3 1.72 25.56 27.28 NOTE
r-devel-linux-x86_64-fedora-clang 1.0.3 52.52 OK
r-devel-linux-x86_64-fedora-gcc 1.0.3 48.02 OK
r-devel-windows-x86_64 1.0.3 3.00 53.00 56.00 OK
r-patched-linux-x86_64 1.0.3 2.73 30.88 33.61 OK
r-release-linux-x86_64 1.0.3 2.37 30.38 32.75 OK
r-release-macos-arm64 1.0.3 1.00 20.00 21.00 OK
r-release-macos-x86_64 1.0.3 2.00 39.00 41.00 OK
r-release-windows-x86_64 1.0.3 4.00 55.00 59.00 OK
r-oldrel-macos-arm64 1.0.3 1.00 17.00 18.00 OK
r-oldrel-macos-x86_64 1.0.3 2.00 25.00 27.00 OK
r-oldrel-windows-x86_64 1.0.3 4.00 63.00 67.00 OK

Check Details

Version: 1.0.3
Check: CRAN incoming feasibility
Result: NOTE Maintainer: ‘Pedro Fonseca <pedro.teles.fonseca@phd.iseg.ulisboa.pt>’ Package CITATION file contains call(s) to old-style citEntry(). Please use bibentry() instead. Flavors: r-devel-linux-x86_64-debian-clang, r-devel-linux-x86_64-debian-gcc

These binaries (installable software) and packages are in development.
They may not be fully stable and should be used with caution. We make no claims about them.