Last updated on 2024-05-04 01:48:46 CEST.
Flavor | Version | Tinstall | Tcheck | Ttotal | Status | Flags |
---|---|---|---|---|---|---|
r-devel-linux-x86_64-debian-clang | 2.1.0 | 45.21 | 32.14 | 77.35 | NOTE | |
r-devel-linux-x86_64-fedora-clang | 2.1.0 | 109.25 | NOTE | |||
r-devel-linux-x86_64-fedora-gcc | 2.1.0 | 105.24 | NOTE | |||
r-devel-windows-x86_64 | 2.1.0 | 35.00 | 65.00 | 100.00 | NOTE | |
r-patched-linux-x86_64 | 2.1.0 | 42.53 | 31.11 | 73.64 | NOTE | |
r-release-linux-x86_64 | 2.1.0 | 44.44 | 31.39 | 75.83 | NOTE | |
r-release-macos-arm64 | 2.1.0 | 29.00 | NOTE | |||
r-release-windows-x86_64 | 2.1.0 | 34.00 | 66.00 | 100.00 | NOTE | |
r-oldrel-macos-arm64 | 2.1.0 | 28.00 | NOTE | |||
r-oldrel-macos-x86_64 | 2.1.0 | 42.00 | NOTE | |||
r-oldrel-windows-x86_64 | 2.1.0 | 41.00 | 73.00 | 114.00 | NOTE |
Version: 2.1.0
Check: C++ specification
Result: NOTE
Specified C++11: please drop specification unless essential
Flavors: r-devel-linux-x86_64-debian-clang, r-devel-linux-x86_64-fedora-clang, r-devel-linux-x86_64-fedora-gcc, r-devel-windows-x86_64, r-patched-linux-x86_64, r-release-linux-x86_64, r-release-macos-arm64, r-release-windows-x86_64, r-oldrel-macos-arm64, r-oldrel-macos-x86_64, r-oldrel-windows-x86_64
These binaries (installable software) and packages are in development.
They may not be fully stable and should be used with caution. We make no claims about them.