Last updated on 2024-05-04 01:48:46 CEST.
Flavor | Version | Tinstall | Tcheck | Ttotal | Status | Flags |
---|---|---|---|---|---|---|
r-devel-linux-x86_64-debian-clang | 0.3.1 | 68.59 | 53.57 | 122.16 | NOTE | |
r-devel-linux-x86_64-fedora-clang | 0.3.1 | 164.85 | NOTE | |||
r-devel-linux-x86_64-fedora-gcc | 0.3.1 | 191.07 | NOTE | |||
r-devel-windows-x86_64 | 0.3.1 | 52.00 | 87.00 | 139.00 | NOTE | |
r-patched-linux-x86_64 | 0.3.1 | 77.22 | 52.34 | 129.56 | OK | |
r-release-linux-x86_64 | 0.3.1 | 70.93 | 51.47 | 122.40 | OK | |
r-release-macos-arm64 | 0.3.1 | 50.00 | NOTE | |||
r-release-windows-x86_64 | 0.3.1 | 54.00 | 88.00 | 142.00 | OK | |
r-oldrel-macos-arm64 | 0.3.1 | 72.00 | NOTE | |||
r-oldrel-macos-x86_64 | 0.3.1 | 117.00 | NOTE | |||
r-oldrel-windows-x86_64 | 0.3.1 | 49.00 | 95.00 | 144.00 | OK |
Version: 0.3.1
Check: compiled code
Result: NOTE
File ‘jinjar/libs/jinjar.so’:
Found non-API calls to R: ‘SETLENGTH’, ‘SET_TRUELENGTH’
Compiled code should not call non-API entry points in R.
See ‘Writing portable packages’ in the ‘Writing R Extensions’ manual.
Flavors: r-devel-linux-x86_64-debian-clang, r-devel-linux-x86_64-fedora-clang, r-devel-linux-x86_64-fedora-gcc
Version: 0.3.1
Check: compiled code
Result: NOTE
File 'jinjar/libs/x64/jinjar.dll':
Found non-API calls to R: 'SETLENGTH', 'SET_TRUELENGTH'
Compiled code should not call non-API entry points in R.
See 'Writing portable packages' in the 'Writing R Extensions' manual.
Flavor: r-devel-windows-x86_64
Version: 0.3.1
Check: installed package size
Result: NOTE
installed size is 7.4Mb
sub-directories of 1Mb or more:
libs 7.1Mb
Flavors: r-release-macos-arm64, r-oldrel-macos-arm64, r-oldrel-macos-x86_64
These binaries (installable software) and packages are in development.
They may not be fully stable and should be used with caution. We make no claims about them.