Last updated on 2024-05-04 01:48:46 CEST.
Flavor | Version | Tinstall | Tcheck | Ttotal | Status | Flags |
---|---|---|---|---|---|---|
r-devel-linux-x86_64-debian-clang | 0.4.6 | 119.63 | 370.31 | 489.94 | NOTE | --no-tests |
r-devel-linux-x86_64-fedora-clang | 0.4.6 | 1026.24 | NOTE | |||
r-devel-linux-x86_64-fedora-gcc | 0.4.6 | 1041.30 | NOTE | |||
r-devel-windows-x86_64 | 0.4.6 | 93.00 | 395.00 | 488.00 | NOTE | |
r-patched-linux-x86_64 | 0.4.6 | 90.62 | 738.55 | 829.17 | NOTE | --no-tests |
r-release-linux-x86_64 | 0.4.6 | 85.10 | 761.04 | 846.14 | NOTE | --no-tests |
r-release-macos-arm64 | 0.4.6 | 225.00 | NOTE | |||
r-release-windows-x86_64 | 0.4.6 | 92.00 | 407.00 | 499.00 | NOTE | |
r-oldrel-macos-arm64 | 0.4.6 | 255.00 | NOTE | |||
r-oldrel-macos-x86_64 | 0.4.6 | 405.00 | NOTE | |||
r-oldrel-windows-x86_64 | 0.4.6 | 115.00 | 517.00 | 632.00 | NOTE |
Version: 0.4.6
Flags: --no-tests
Check: C++ specification
Result: NOTE
Specified C++11: please drop specification unless essential
Flavors: r-devel-linux-x86_64-debian-clang, r-patched-linux-x86_64, r-release-linux-x86_64
Version: 0.4.6
Check: C++ specification
Result: NOTE
Specified C++11: please drop specification unless essential
Flavors: r-devel-linux-x86_64-fedora-clang, r-devel-linux-x86_64-fedora-gcc, r-devel-windows-x86_64, r-release-macos-arm64, r-release-windows-x86_64, r-oldrel-macos-arm64, r-oldrel-macos-x86_64, r-oldrel-windows-x86_64
Version: 0.4.6
Check: installed package size
Result: NOTE
installed size is 6.4Mb
sub-directories of 1Mb or more:
data 1.3Mb
libs 3.8Mb
Flavors: r-release-macos-arm64, r-oldrel-macos-arm64, r-oldrel-macos-x86_64
These binaries (installable software) and packages are in development.
They may not be fully stable and should be used with caution. We make no claims about them.