Last updated on 2024-05-04 01:48:46 CEST.
Flavor | Version | Tinstall | Tcheck | Ttotal | Status | Flags |
---|---|---|---|---|---|---|
r-devel-linux-x86_64-debian-clang | 1.2.1 | 0.35 | 2.31 | 2.66 | ERROR | |
r-devel-linux-x86_64-fedora-clang | 1.2.1 | 1286.81 | OK | |||
r-devel-linux-x86_64-fedora-gcc | 1.2.1 | 1153.46 | OK | |||
r-devel-windows-x86_64 | 1.2.1 | 85.00 | 583.00 | 668.00 | OK | |
r-patched-linux-x86_64 | 1.2.1 | 104.20 | 785.70 | 889.90 | OK | |
r-release-linux-x86_64 | 1.2.1 | 96.70 | 775.77 | 872.47 | OK | |
r-release-macos-arm64 | 1.2.1 | 300.00 | OK | |||
r-release-macos-x86_64 | 1.2.1 | 593.00 | OK | |||
r-release-windows-x86_64 | 1.2.1 | 92.00 | 596.00 | 688.00 | OK | |
r-oldrel-macos-arm64 | 1.2.1 | 180.00 | OK | |||
r-oldrel-macos-x86_64 | 1.2.1 | 353.00 | OK | |||
r-oldrel-windows-x86_64 | 1.2.1 | 113.00 | 740.00 | 853.00 | OK |
Version: 1.2.1
Check: package dependencies
Result: ERROR
Package required but not available: ‘scran’
See section ‘The DESCRIPTION file’ in the ‘Writing R Extensions’
manual.
Flavor: r-devel-linux-x86_64-debian-clang
These binaries (installable software) and packages are in development.
They may not be fully stable and should be used with caution. We make no claims about them.