Last updated on 2024-05-04 01:48:46 CEST.
Flavor | Version | Tinstall | Tcheck | Ttotal | Status | Flags |
---|---|---|---|---|---|---|
r-devel-linux-x86_64-debian-clang | 0.6.0 | 7.46 | 42.83 | 50.29 | OK | |
r-devel-linux-x86_64-fedora-clang | 0.6.0 | 60.01 | NOTE | |||
r-devel-linux-x86_64-fedora-gcc | 0.6.0 | 57.32 | OK | |||
r-devel-windows-x86_64 | 0.6.0 | 7.00 | 56.00 | 63.00 | OK | |
r-patched-linux-x86_64 | 0.6.0 | 8.32 | 40.77 | 49.09 | OK | |
r-release-linux-x86_64 | 0.6.0 | 5.22 | 40.92 | 46.14 | OK | |
r-release-macos-arm64 | 0.6.0 | 22.00 | OK | |||
r-release-windows-x86_64 | 0.6.0 | 7.00 | 54.00 | 61.00 | OK | |
r-oldrel-macos-arm64 | 0.6.0 | 26.00 | OK | |||
r-oldrel-macos-x86_64 | 0.6.0 | 49.00 | OK | |||
r-oldrel-windows-x86_64 | 0.6.0 | 8.00 | 59.00 | 67.00 | OK |
Version: 0.6.0
Check: Rd cross-references
Result: NOTE
Undeclared package ‘later’ in Rd xrefs
Flavor: r-devel-linux-x86_64-fedora-clang
These binaries (installable software) and packages are in development.
They may not be fully stable and should be used with caution. We make no claims about them.