CRAN Package Check Results for Package jti

Last updated on 2025-10-23 21:51:30 CEST.

Flavor Version Tinstall Tcheck Ttotal Status Flags
r-devel-linux-x86_64-debian-clang 1.0.0 48.14 46.36 94.50 NOTE
r-devel-linux-x86_64-debian-gcc 1.0.0 28.57 34.88 63.45 OK
r-devel-linux-x86_64-fedora-clang 1.0.0 156.00 31.29 187.29 OK
r-devel-linux-x86_64-fedora-gcc 1.0.0 80.00 79.70 159.70 OK
r-devel-windows-x86_64 1.0.0 58.00 90.00 148.00 OK
r-patched-linux-x86_64 1.0.0 51.26 42.72 93.98 OK
r-release-linux-x86_64 1.0.0 49.80 42.43 92.23 OK
r-release-macos-arm64 1.0.0 17.00 41.00 58.00 OK
r-release-macos-x86_64 1.0.0 24.00 74.00 98.00 OK
r-release-windows-x86_64 1.0.0 61.00 87.00 148.00 OK
r-oldrel-macos-arm64 1.0.0 16.00 36.00 52.00 OK
r-oldrel-macos-x86_64 1.0.0 35.00 84.00 119.00 OK
r-oldrel-windows-x86_64 1.0.0 69.00 107.00 176.00 OK

Check Details

Version: 1.0.0
Check: HTML version of manual
Result: NOTE Found the following HTML validation problems: bnfit_to_cpts.html:47:1 (bnfit_to_cpts.Rd:10): Warning: missing </ul> before </div> getters.html:73:1 (getters.Rd:37): Warning: missing </ul> before </div> jt_nbinary_ops.html:63:1 (jt_nbinary_ops.Rd:20): Warning: missing </ul> before </div> sim_data_from_dmrf.html:76:1 (sim_data_from_dmrf.Rd:30): Warning: missing </ul> before </div> triangulate.html:144:1 (triangulate.Rd:71): Warning: missing </ul> before </div> Flavor: r-devel-linux-x86_64-debian-clang

These binaries (installable software) and packages are in development.
They may not be fully stable and should be used with caution. We make no claims about them.