Last updated on 2024-05-04 01:48:46 CEST.
Flavor | Version | Tinstall | Tcheck | Ttotal | Status | Flags |
---|---|---|---|---|---|---|
r-devel-linux-x86_64-debian-clang | 2.2.2 | 17.75 | 201.38 | 219.13 | NOTE | |
r-devel-linux-x86_64-fedora-clang | 2.2.2 | 263.87 | NOTE | |||
r-devel-linux-x86_64-fedora-gcc | 2.2.2 | 316.49 | NOTE | |||
r-devel-windows-x86_64 | 2.2.2 | 15.00 | 158.00 | 173.00 | NOTE | |
r-patched-linux-x86_64 | 2.2.2 | 17.48 | 184.43 | 201.91 | NOTE | |
r-release-linux-x86_64 | 2.2.2 | 13.12 | 181.56 | 194.68 | NOTE | |
r-release-macos-arm64 | 2.2.2 | 96.00 | NOTE | |||
r-release-windows-x86_64 | 2.2.2 | 13.00 | 158.00 | 171.00 | NOTE | |
r-oldrel-macos-arm64 | 2.2.2 | 82.00 | OK | |||
r-oldrel-macos-x86_64 | 2.2.2 | 144.00 | OK | |||
r-oldrel-windows-x86_64 | 2.2.2 | 18.00 | 195.00 | 213.00 | OK |
Version: 2.2.2
Check: Rd files
Result: NOTE
checkRd: (-1) export_summs.Rd:26: Lost braces; missing escapes or markup?
26 | Default: "({std.error})"}
| ^
Flavors: r-devel-linux-x86_64-debian-clang, r-devel-linux-x86_64-fedora-clang, r-devel-linux-x86_64-fedora-gcc, r-devel-windows-x86_64, r-patched-linux-x86_64, r-release-linux-x86_64, r-release-macos-arm64, r-release-windows-x86_64
Version: 2.2.2
Check: package dependencies
Result: NOTE
Package which this enhances but not available for checking: ‘rstanarm’
Flavor: r-release-linux-x86_64
These binaries (installable software) and packages are in development.
They may not be fully stable and should be used with caution. We make no claims about them.