Last updated on 2024-05-04 01:48:46 CEST.
Flavor | Version | Tinstall | Tcheck | Ttotal | Status | Flags |
---|---|---|---|---|---|---|
r-devel-linux-x86_64-debian-clang | 0.1.1 | 8.24 | 102.17 | 110.41 | OK | |
r-devel-linux-x86_64-fedora-clang | 0.1.1 | 138.26 | NOTE | |||
r-devel-linux-x86_64-fedora-gcc | 0.1.1 | 146.96 | NOTE | |||
r-devel-windows-x86_64 | 0.1.1 | 9.00 | 95.00 | 104.00 | OK | |
r-patched-linux-x86_64 | 0.1.1 | 8.04 | 100.27 | 108.31 | OK | |
r-release-linux-x86_64 | 0.1.1 | 4.53 | 100.47 | 105.00 | OK | |
r-release-macos-arm64 | 0.1.1 | 54.00 | OK | |||
r-release-windows-x86_64 | 0.1.1 | 7.00 | 93.00 | 100.00 | OK | |
r-oldrel-macos-arm64 | 0.1.1 | 51.00 | OK | |||
r-oldrel-macos-x86_64 | 0.1.1 | 84.00 | OK | |||
r-oldrel-windows-x86_64 | 0.1.1 | 9.00 | 105.00 | 114.00 | OK |
Version: 0.1.1
Check: dependencies in R code
Result: NOTE
Namespace in Imports field not imported from: ‘gifski’
All declared Imports should be used.
Flavors: r-devel-linux-x86_64-fedora-clang, r-devel-linux-x86_64-fedora-gcc
These binaries (installable software) and packages are in development.
They may not be fully stable and should be used with caution. We make no claims about them.