Last updated on 2024-05-04 01:48:46 CEST.
Flavor | Version | Tinstall | Tcheck | Ttotal | Status | Flags |
---|---|---|---|---|---|---|
r-devel-linux-x86_64-debian-clang | 0.2 | 2.21 | 21.15 | 23.36 | NOTE | |
r-devel-linux-x86_64-fedora-clang | 0.2 | 30.16 | NOTE | |||
r-devel-linux-x86_64-fedora-gcc | 0.2 | 28.48 | NOTE | |||
r-devel-windows-x86_64 | 0.2 | 2.00 | 38.00 | 40.00 | NOTE | |
r-patched-linux-x86_64 | 0.2 | 2.01 | 21.11 | 23.12 | NOTE | |
r-release-linux-x86_64 | 0.2 | 2.10 | 20.71 | 22.81 | NOTE | |
r-release-macos-arm64 | 0.2 | 14.00 | NOTE | |||
r-release-windows-x86_64 | 0.2 | 2.00 | 39.00 | 41.00 | NOTE | |
r-oldrel-macos-arm64 | 0.2 | 14.00 | NOTE | |||
r-oldrel-macos-x86_64 | 0.2 | 18.00 | NOTE | |||
r-oldrel-windows-x86_64 | 0.2 | 5.00 | 39.00 | 44.00 | NOTE |
Version: 0.2
Check: Rd files
Result: NOTE
checkRd: (-1) kdist.Rd:14: Lost braces; missing escapes or markup?
14 | The {kdist} functions dk, pk, qk and rk, calculates the K-distribution
| ^
Flavors: r-devel-linux-x86_64-debian-clang, r-devel-linux-x86_64-fedora-clang, r-devel-linux-x86_64-fedora-gcc, r-devel-windows-x86_64, r-patched-linux-x86_64, r-release-linux-x86_64, r-release-macos-arm64, r-release-windows-x86_64
Version: 0.2
Check: LazyData
Result: NOTE
'LazyData' is specified without a 'data' directory
Flavors: r-devel-linux-x86_64-debian-clang, r-devel-linux-x86_64-fedora-clang, r-devel-linux-x86_64-fedora-gcc, r-devel-windows-x86_64, r-patched-linux-x86_64, r-release-linux-x86_64, r-release-macos-arm64, r-release-windows-x86_64, r-oldrel-macos-arm64, r-oldrel-macos-x86_64, r-oldrel-windows-x86_64
These binaries (installable software) and packages are in development.
They may not be fully stable and should be used with caution. We make no claims about them.