Last updated on 2024-05-04 01:48:46 CEST.
Flavor | Version | Tinstall | Tcheck | Ttotal | Status | Flags |
---|---|---|---|---|---|---|
r-devel-linux-x86_64-debian-clang | 2.15.0 | 23.86 | 258.16 | 282.02 | OK | |
r-devel-linux-x86_64-fedora-clang | 2.15.0 | 348.51 | OK | |||
r-devel-linux-x86_64-fedora-gcc | 2.15.0 | 374.60 | OK | |||
r-devel-windows-x86_64 | 2.15.0 | 27.00 | 274.00 | 301.00 | OK | |
r-patched-linux-x86_64 | 2.15.0 | 50.03 | 244.84 | 294.87 | OK | |
r-release-linux-x86_64 | 2.15.0 | 25.92 | 236.90 | 262.82 | OK | |
r-release-macos-arm64 | 2.15.0 | 124.00 | OK | |||
r-release-macos-x86_64 | 2.15.0 | 301.00 | NOTE | |||
r-release-windows-x86_64 | 2.15.0 | 27.00 | 271.00 | 298.00 | OK | |
r-oldrel-macos-arm64 | 2.15.0 | 107.00 | OK | |||
r-oldrel-macos-x86_64 | 2.15.0 | 222.00 | NOTE | |||
r-oldrel-windows-x86_64 | 2.15.0 | 34.00 | 319.00 | 353.00 | OK |
Version: 2.15.0
Check: installed package size
Result: NOTE
installed size is 5.1Mb
sub-directories of 1Mb or more:
doc 2.0Mb
help 2.1Mb
Flavors: r-release-macos-x86_64, r-oldrel-macos-x86_64
These binaries (installable software) and packages are in development.
They may not be fully stable and should be used with caution. We make no claims about them.