Last updated on 2024-05-04 01:48:47 CEST.
Flavor | Version | Tinstall | Tcheck | Ttotal | Status | Flags |
---|---|---|---|---|---|---|
r-devel-linux-x86_64-debian-clang | 0.5.2 | 263.49 | 250.76 | 514.25 | OK | |
r-devel-linux-x86_64-fedora-clang | 0.5.2 | 726.43 | OK | |||
r-devel-linux-x86_64-fedora-gcc | 0.5.2 | 709.52 | OK | |||
r-devel-windows-x86_64 | 0.5.2 | 201.00 | 199.00 | 400.00 | OK | |
r-patched-linux-x86_64 | 0.5.2 | 266.06 | 253.00 | 519.06 | OK | |
r-release-linux-x86_64 | 0.5.2 | 184.32 | 242.83 | 427.15 | OK | |
r-release-macos-arm64 | 0.5.2 | 154.00 | NOTE | |||
r-release-macos-x86_64 | 0.5.2 | 293.00 | NOTE | |||
r-release-windows-x86_64 | 0.5.2 | 196.00 | 203.00 | 399.00 | OK | |
r-oldrel-macos-arm64 | 0.5.2 | 169.00 | NOTE | |||
r-oldrel-macos-x86_64 | 0.5.2 | 240.00 | NOTE | |||
r-oldrel-windows-x86_64 | 0.5.2 | 241.00 | 242.00 | 483.00 | OK |
Version: 0.5.2
Check: installed package size
Result: NOTE
installed size is 11.6Mb
sub-directories of 1Mb or more:
libs 11.1Mb
Flavors: r-release-macos-arm64, r-release-macos-x86_64, r-oldrel-macos-arm64, r-oldrel-macos-x86_64
These binaries (installable software) and packages are in development.
They may not be fully stable and should be used with caution. We make no claims about them.