Last updated on 2024-05-04 01:48:47 CEST.
Flavor | Version | Tinstall | Tcheck | Ttotal | Status | Flags |
---|---|---|---|---|---|---|
r-devel-linux-x86_64-debian-clang | 0.1.0 | 3.23 | 233.85 | 237.08 | NOTE | |
r-devel-linux-x86_64-fedora-clang | 0.1.0 | 289.78 | NOTE | |||
r-devel-linux-x86_64-fedora-gcc | 0.1.0 | 295.12 | NOTE | |||
r-devel-windows-x86_64 | 0.1.0 | 4.00 | 191.00 | 195.00 | NOTE | |
r-patched-linux-x86_64 | 0.1.0 | 3.32 | 228.63 | 231.95 | NOTE | |
r-release-linux-x86_64 | 0.1.0 | 3.05 | 228.15 | 231.20 | NOTE | |
r-release-macos-arm64 | 0.1.0 | 80.00 | NOTE | |||
r-release-windows-x86_64 | 0.1.0 | 4.00 | 197.00 | 201.00 | NOTE | |
r-oldrel-macos-arm64 | 0.1.0 | 87.00 | NOTE | |||
r-oldrel-macos-x86_64 | 0.1.0 | 159.00 | NOTE | |||
r-oldrel-windows-x86_64 | 0.1.0 | 4.00 | 228.00 | 232.00 | NOTE |
Version: 0.1.0
Check: LazyData
Result: NOTE
'LazyData' is specified without a 'data' directory
Flavors: r-devel-linux-x86_64-debian-clang, r-devel-linux-x86_64-fedora-clang, r-devel-linux-x86_64-fedora-gcc, r-devel-windows-x86_64, r-patched-linux-x86_64, r-release-linux-x86_64, r-release-macos-arm64, r-release-windows-x86_64, r-oldrel-macos-arm64, r-oldrel-macos-x86_64, r-oldrel-windows-x86_64
Version: 0.1.0
Check: dependencies in R code
Result: NOTE
Namespaces in Imports field not imported from:
‘Rcpp’ ‘SnowballC’ ‘stringi’
All declared Imports should be used.
Flavors: r-devel-linux-x86_64-fedora-clang, r-devel-linux-x86_64-fedora-gcc
These binaries (installable software) and packages are in development.
They may not be fully stable and should be used with caution. We make no claims about them.