Last updated on 2024-05-04 01:48:47 CEST.
Flavor | Version | Tinstall | Tcheck | Ttotal | Status | Flags |
---|---|---|---|---|---|---|
r-devel-linux-x86_64-debian-clang | 2.4.6.1 | 10.98 | 71.30 | 82.28 | OK | |
r-devel-linux-x86_64-fedora-clang | 2.4.6.1 | 102.40 | NOTE | |||
r-devel-linux-x86_64-fedora-gcc | 2.4.6.1 | 97.84 | OK | |||
r-devel-windows-x86_64 | 2.4.6.1 | 11.00 | 79.00 | 90.00 | OK | |
r-patched-linux-x86_64 | 2.4.6.1 | 16.47 | 69.18 | 85.65 | OK | |
r-release-linux-x86_64 | 2.4.6.1 | 10.79 | 68.91 | 79.70 | OK | |
r-release-macos-arm64 | 2.4.6.1 | 44.00 | OK | |||
r-release-windows-x86_64 | 2.4.6.1 | 10.00 | 73.00 | 83.00 | OK | |
r-oldrel-macos-arm64 | 2.4.6.1 | 40.00 | OK | |||
r-oldrel-macos-x86_64 | 2.4.6.1 | 69.00 | OK | |||
r-oldrel-windows-x86_64 | 2.4.6.1 | 14.00 | 82.00 | 96.00 | OK |
Version: 2.4.6.1
Check: Rd cross-references
Result: NOTE
Undeclared package ‘kml3d’ in Rd xrefs
Flavor: r-devel-linux-x86_64-fedora-clang
These binaries (installable software) and packages are in development.
They may not be fully stable and should be used with caution. We make no claims about them.