Last updated on 2025-10-23 21:51:30 CEST.
| Flavor | Version | Tinstall | Tcheck | Ttotal | Status | Flags |
|---|---|---|---|---|---|---|
| r-devel-linux-x86_64-debian-clang | 0.9.0 | 1.70 | 24.43 | 26.13 | OK | |
| r-devel-linux-x86_64-debian-gcc | 0.9.0 | 1.34 | 19.97 | 21.31 | OK | |
| r-devel-linux-x86_64-fedora-clang | 0.9.0 | 38.93 | OK | |||
| r-devel-linux-x86_64-fedora-gcc | 0.9.0 | 58.67 | OK | |||
| r-devel-windows-x86_64 | 0.9.0 | 3.00 | 51.00 | 54.00 | OK | |
| r-patched-linux-x86_64 | 0.9.0 | 1.79 | 21.78 | 23.57 | OK | |
| r-release-linux-x86_64 | 0.9.0 | 1.72 | 21.81 | 23.53 | OK | |
| r-release-macos-arm64 | 0.9.0 | 1.00 | 31.00 | 32.00 | OK | |
| r-release-macos-x86_64 | 0.9.0 | 2.00 | 53.00 | 55.00 | OK | |
| r-release-windows-x86_64 | 0.9.0 | 3.00 | 43.00 | 46.00 | OK | |
| r-oldrel-macos-arm64 | 0.9.0 | 1.00 | 26.00 | 27.00 | NOTE | |
| r-oldrel-macos-x86_64 | 0.9.0 | 2.00 | 57.00 | 59.00 | NOTE | |
| r-oldrel-windows-x86_64 | 0.9.0 | 4.00 | 49.00 | 53.00 | NOTE |
Version: 0.9.0
Check: LazyData
Result: NOTE
'LazyData' is specified without a 'data' directory
Flavors: r-oldrel-macos-arm64, r-oldrel-macos-x86_64, r-oldrel-windows-x86_64
These binaries (installable software) and packages are in development.
They may not be fully stable and should be used with caution. We make no claims about them.