Last updated on 2024-05-04 01:48:47 CEST.
Flavor | Version | Tinstall | Tcheck | Ttotal | Status | Flags |
---|---|---|---|---|---|---|
r-devel-linux-x86_64-debian-clang | 0.6.1 | 3.00 | 51.59 | 54.59 | NOTE | |
r-devel-linux-x86_64-fedora-clang | 0.6.1 | 71.97 | NOTE | |||
r-devel-linux-x86_64-fedora-gcc | 0.6.1 | 81.92 | NOTE | |||
r-devel-windows-x86_64 | 0.6.1 | 4.00 | 68.00 | 72.00 | NOTE | |
r-patched-linux-x86_64 | 0.6.1 | 3.26 | 49.62 | 52.88 | NOTE | |
r-release-linux-x86_64 | 0.6.1 | 1.89 | 50.69 | 52.58 | NOTE | |
r-release-macos-arm64 | 0.6.1 | 37.00 | NOTE | |||
r-release-windows-x86_64 | 0.6.1 | 3.00 | 68.00 | 71.00 | NOTE | |
r-oldrel-macos-arm64 | 0.6.1 | 36.00 | NOTE | |||
r-oldrel-macos-x86_64 | 0.6.1 | 51.00 | NOTE | |||
r-oldrel-windows-x86_64 | 0.6.1 | 4.00 | 67.00 | 71.00 | NOTE |
Version: 0.6.1
Check: LazyData
Result: NOTE
'LazyData' is specified without a 'data' directory
Flavors: r-devel-linux-x86_64-debian-clang, r-devel-linux-x86_64-fedora-clang, r-devel-linux-x86_64-fedora-gcc, r-devel-windows-x86_64, r-patched-linux-x86_64, r-release-linux-x86_64, r-release-macos-arm64, r-release-windows-x86_64, r-oldrel-macos-arm64, r-oldrel-macos-x86_64, r-oldrel-windows-x86_64
Version: 0.6.1
Check: dependencies in R code
Result: NOTE
Namespace in Imports field not imported from: ‘methods’
All declared Imports should be used.
Flavors: r-devel-linux-x86_64-fedora-clang, r-devel-linux-x86_64-fedora-gcc
These binaries (installable software) and packages are in development.
They may not be fully stable and should be used with caution. We make no claims about them.