Last updated on 2024-05-04 01:48:47 CEST.
Flavor | Version | Tinstall | Tcheck | Ttotal | Status | Flags |
---|---|---|---|---|---|---|
r-devel-linux-x86_64-debian-clang | 1.0.1 | 41.25 | 170.90 | 212.15 | NOTE | |
r-devel-linux-x86_64-fedora-clang | 1.0.1 | 272.89 | NOTE | |||
r-devel-linux-x86_64-fedora-gcc | 1.0.1 | 260.00 | NOTE | |||
r-devel-windows-x86_64 | 1.0.1 | 59.00 | 174.00 | 233.00 | NOTE | |
r-patched-linux-x86_64 | 1.0.1 | 39.18 | 168.95 | 208.13 | NOTE | |
r-release-linux-x86_64 | 1.0.1 | 40.40 | 167.56 | 207.96 | NOTE | |
r-release-macos-arm64 | 1.0.1 | 111.00 | NOTE | |||
r-release-windows-x86_64 | 1.0.1 | 57.00 | 170.00 | 227.00 | NOTE | |
r-oldrel-macos-arm64 | 1.0.1 | 154.00 | NOTE | |||
r-oldrel-macos-x86_64 | 1.0.1 | 203.00 | NOTE | |||
r-oldrel-windows-x86_64 | 1.0.1 | 44.00 | 194.00 | 238.00 | OK |
Version: 1.0.1
Check: Rd files
Result: NOTE
checkRd: (-1) ln_quantile_value.Rd:44: Lost braces in \itemize; \value handles \item{}{} directly
checkRd: (-1) ln_quantile_value.Rd:45: Lost braces in \itemize; \value handles \item{}{} directly
checkRd: (-1) ln_quantile_value.Rd:46: Lost braces in \itemize; \value handles \item{}{} directly
checkRd: (-1) ln_quantile_value.Rd:47: Lost braces in \itemize; \value handles \item{}{} directly
checkRd: (-1) ln_quantile_value.Rd:48: Lost braces in \itemize; \value handles \item{}{} directly
checkRd: (-1) ln_quantile_value.Rd:49: Lost braces in \itemize; \value handles \item{}{} directly
Flavors: r-devel-linux-x86_64-debian-clang, r-devel-linux-x86_64-fedora-clang, r-devel-linux-x86_64-fedora-gcc, r-devel-windows-x86_64, r-patched-linux-x86_64, r-release-linux-x86_64, r-release-macos-arm64, r-release-windows-x86_64
Version: 1.0.1
Check: installed package size
Result: NOTE
installed size is 5.4Mb
sub-directories of 1Mb or more:
R 5.2Mb
Flavors: r-release-macos-arm64, r-oldrel-macos-arm64, r-oldrel-macos-x86_64
These binaries (installable software) and packages are in development.
They may not be fully stable and should be used with caution. We make no claims about them.