Last updated on 2025-10-23 11:50:17 CEST.
Flavor | Version | Tinstall | Tcheck | Ttotal | Status | Flags |
---|---|---|---|---|---|---|
r-devel-linux-x86_64-debian-clang | 0.3 | 1.84 | 35.89 | 37.73 | NOTE | |
r-devel-linux-x86_64-debian-gcc | 0.3 | 1.49 | 28.44 | 29.93 | NOTE | |
r-devel-linux-x86_64-fedora-clang | 0.3 | 58.55 | OK | |||
r-devel-linux-x86_64-fedora-gcc | 0.3 | 67.45 | OK | |||
r-devel-windows-x86_64 | 0.3 | 3.00 | 71.00 | 74.00 | OK | |
r-patched-linux-x86_64 | 0.3 | 1.94 | 34.38 | 36.32 | OK | |
r-release-linux-x86_64 | 0.3 | 1.83 | 34.14 | 35.97 | OK | |
r-release-macos-arm64 | 0.3 | 1.00 | 36.00 | 37.00 | OK | |
r-release-macos-x86_64 | 0.3 | 2.00 | 55.00 | 57.00 | OK | |
r-release-windows-x86_64 | 0.3 | 3.00 | 73.00 | 76.00 | OK | |
r-oldrel-macos-arm64 | 0.3 | 1.00 | 25.00 | 26.00 | OK | |
r-oldrel-macos-x86_64 | 0.3 | 2.00 | 42.00 | 44.00 | OK | |
r-oldrel-windows-x86_64 | 0.3 | 4.00 | 73.00 | 77.00 | OK |
Version: 0.3
Check: CRAN incoming feasibility
Result: NOTE
Maintainer: ‘Michael Dewey <lists@dewey.myzen.co.uk>’
Package CITATION file contains call(s) to old-style personList() or
as.personList(). Please use c() on person objects instead.
Package CITATION file contains call(s) to old-style citEntry(). Please
use bibentry() instead.
Flavors: r-devel-linux-x86_64-debian-clang, r-devel-linux-x86_64-debian-gcc
These binaries (installable software) and packages are in development.
They may not be fully stable and should be used with caution. We make no claims about them.