Last updated on 2024-05-04 01:48:47 CEST.
Flavor | Version | Tinstall | Tcheck | Ttotal | Status | Flags |
---|---|---|---|---|---|---|
r-devel-linux-x86_64-debian-clang | 2.11.0 | 25.71 | 218.90 | 244.61 | NOTE | |
r-devel-linux-x86_64-fedora-clang | 2.11.0 | 315.93 | NOTE | |||
r-devel-linux-x86_64-fedora-gcc | 2.11.0 | 284.30 | NOTE | |||
r-devel-windows-x86_64 | 2.11.0 | 28.00 | 181.00 | 209.00 | NOTE | |
r-patched-linux-x86_64 | 2.11.0 | 31.04 | 202.40 | 233.44 | NOTE | |
r-release-linux-x86_64 | 2.11.0 | 17.52 | 209.25 | 226.77 | NOTE | |
r-release-macos-arm64 | 2.11.0 | 76.00 | NOTE | |||
r-release-macos-x86_64 | 2.11.0 | 215.00 | NOTE | |||
r-release-windows-x86_64 | 2.11.0 | 29.00 | 179.00 | 208.00 | NOTE | |
r-oldrel-macos-arm64 | 2.11.0 | 89.00 | NOTE | |||
r-oldrel-macos-x86_64 | 2.11.0 | 211.00 | NOTE | |||
r-oldrel-windows-x86_64 | 2.11.0 | 34.00 | 214.00 | 248.00 | NOTE |
Version: 2.11.0
Check: for GNU extensions in Makefiles
Result: NOTE
GNU make is a SystemRequirements.
Flavors: r-devel-linux-x86_64-debian-clang, r-devel-linux-x86_64-fedora-clang, r-devel-linux-x86_64-fedora-gcc, r-devel-windows-x86_64, r-patched-linux-x86_64, r-release-linux-x86_64, r-release-macos-arm64, r-release-macos-x86_64, r-release-windows-x86_64, r-oldrel-macos-arm64, r-oldrel-macos-x86_64, r-oldrel-windows-x86_64
These binaries (installable software) and packages are in development.
They may not be fully stable and should be used with caution. We make no claims about them.