Last updated on 2024-05-04 01:48:47 CEST.
Flavor | Version | Tinstall | Tcheck | Ttotal | Status | Flags |
---|---|---|---|---|---|---|
r-devel-linux-x86_64-debian-clang | 0.1.0 | 2.60 | 20.63 | 23.23 | NOTE | |
r-devel-linux-x86_64-fedora-clang | 0.1.0 | 30.10 | NOTE | |||
r-devel-linux-x86_64-fedora-gcc | 0.1.0 | 28.15 | NOTE | |||
r-devel-windows-x86_64 | 0.1.0 | 4.00 | 40.00 | 44.00 | NOTE | |
r-patched-linux-x86_64 | 0.1.0 | 1.90 | 20.09 | 21.99 | NOTE | |
r-release-linux-x86_64 | 0.1.0 | 3.00 | 20.06 | 23.06 | NOTE | |
r-release-macos-arm64 | 0.1.0 | 14.00 | NOTE | |||
r-release-windows-x86_64 | 0.1.0 | 4.00 | 37.00 | 41.00 | NOTE | |
r-oldrel-macos-arm64 | 0.1.0 | 15.00 | NOTE | |||
r-oldrel-macos-x86_64 | 0.1.0 | 19.00 | NOTE | |||
r-oldrel-windows-x86_64 | 0.1.0 | 3.00 | 36.00 | 39.00 | NOTE |
Version: 0.1.0
Check: LazyData
Result: NOTE
'LazyData' is specified without a 'data' directory
Flavors: r-devel-linux-x86_64-debian-clang, r-devel-linux-x86_64-fedora-clang, r-devel-linux-x86_64-fedora-gcc, r-devel-windows-x86_64, r-patched-linux-x86_64, r-release-linux-x86_64, r-release-macos-arm64, r-release-windows-x86_64, r-oldrel-macos-arm64, r-oldrel-macos-x86_64, r-oldrel-windows-x86_64
Version: 0.1.0
Check: dependencies in R code
Result: NOTE
Namespace in Imports field not imported from: ‘R6’
All declared Imports should be used.
Flavors: r-devel-linux-x86_64-fedora-clang, r-devel-linux-x86_64-fedora-gcc
These binaries (installable software) and packages are in development.
They may not be fully stable and should be used with caution. We make no claims about them.