Last updated on 2024-05-04 01:48:47 CEST.
Flavor | Version | Tinstall | Tcheck | Ttotal | Status | Flags |
---|---|---|---|---|---|---|
r-devel-linux-x86_64-debian-clang | 0.4.3.1 | 13.55 | 153.74 | 167.29 | OK | |
r-devel-linux-x86_64-fedora-clang | 0.4.3.1 | 215.43 | NOTE | |||
r-devel-linux-x86_64-fedora-gcc | 0.4.3.1 | 234.52 | OK | |||
r-devel-windows-x86_64 | 0.4.3.1 | 96.00 | 669.00 | 765.00 | NOTE | |
r-patched-linux-x86_64 | 0.4.3.1 | 10.80 | 145.48 | 156.28 | OK | |
r-release-linux-x86_64 | 0.4.3.1 | 13.04 | 143.74 | 156.78 | OK | |
r-release-macos-arm64 | 0.4.3.1 | 64.00 | NOTE | |||
r-release-windows-x86_64 | 0.4.3.1 | 91.00 | 647.00 | 738.00 | NOTE | |
r-oldrel-macos-arm64 | 0.4.3.1 | 66.00 | NOTE | |||
r-oldrel-macos-x86_64 | 0.4.3.1 | 214.00 | NOTE | |||
r-oldrel-windows-x86_64 | 0.4.3.1 | 51.00 | 398.00 | 449.00 | NOTE |
Version: 0.4.3.1
Check: installed package size
Result: NOTE
installed size is 5.5Mb
sub-directories of 1Mb or more:
doc 5.3Mb
Flavors: r-devel-linux-x86_64-fedora-clang, r-devel-windows-x86_64, r-release-macos-arm64, r-release-windows-x86_64, r-oldrel-macos-arm64, r-oldrel-macos-x86_64, r-oldrel-windows-x86_64
These binaries (installable software) and packages are in development.
They may not be fully stable and should be used with caution. We make no claims about them.