CRAN Package Check Results for Package leidenAlg

Last updated on 2025-10-24 01:50:30 CEST.

Flavor Version Tinstall Tcheck Ttotal Status Flags
r-devel-linux-x86_64-debian-clang 1.1.5 186.84 97.09 283.93 OK
r-devel-linux-x86_64-debian-gcc 1.1.5 139.20 68.91 208.11 OK
r-devel-windows-x86_64 1.1.5 319.00 119.00 438.00 OK
r-patched-linux-x86_64 1.1.5 191.56 90.46 282.02 OK
r-release-linux-x86_64 1.1.5 187.53 90.21 277.74 OK
r-release-macos-arm64 1.1.5 71.00 27.00 98.00 OK
r-release-macos-x86_64 1.1.5 67.00 84.00 151.00 OK
r-release-windows-x86_64 1.1.5 300.00 121.00 421.00 OK
r-oldrel-macos-arm64 1.1.5 75.00 46.00 121.00 NOTE
r-oldrel-macos-x86_64 1.1.5 62.00 83.00 145.00 NOTE
r-oldrel-windows-x86_64 1.1.5 378.00 150.00 528.00 NOTE

Check Details

Version: 1.1.5
Check: for GNU extensions in Makefiles
Result: NOTE GNU make is a SystemRequirements. Flavors: r-oldrel-macos-arm64, r-oldrel-macos-x86_64, r-oldrel-windows-x86_64

These binaries (installable software) and packages are in development.
They may not be fully stable and should be used with caution. We make no claims about them.