Last updated on 2024-05-04 01:48:47 CEST.
Flavor | Version | Tinstall | Tcheck | Ttotal | Status | Flags |
---|---|---|---|---|---|---|
r-devel-linux-x86_64-debian-clang | 0.1.27 | 261.16 | 44.10 | 305.26 | OK | |
r-devel-linux-x86_64-fedora-clang | 0.1.27 | 461.56 | OK | |||
r-devel-linux-x86_64-fedora-gcc | 0.1.27 | 456.84 | OK | |||
r-devel-windows-x86_64 | 0.1.27 | 362.00 | 100.00 | 462.00 | NOTE | |
r-patched-linux-x86_64 | 0.1.27 | 274.07 | 43.16 | 317.23 | OK | |
r-release-linux-x86_64 | 0.1.27 | 267.26 | 42.52 | 309.78 | OK | |
r-release-macos-arm64 | 0.1.27 | 123.00 | NOTE | |||
r-release-windows-x86_64 | 0.1.27 | 358.00 | 94.00 | 452.00 | NOTE | |
r-oldrel-macos-arm64 | 0.1.27 | 121.00 | NOTE | |||
r-oldrel-macos-x86_64 | 0.1.27 | 149.00 | NOTE | |||
r-oldrel-windows-x86_64 | 0.1.27 | 380.00 | 128.00 | 508.00 | NOTE |
Version: 0.1.27
Check: installed package size
Result: NOTE
installed size is 5.8Mb
sub-directories of 1Mb or more:
libs 5.5Mb
Flavors: r-devel-windows-x86_64, r-release-macos-arm64, r-release-windows-x86_64, r-oldrel-macos-arm64, r-oldrel-macos-x86_64, r-oldrel-windows-x86_64
These binaries (installable software) and packages are in development.
They may not be fully stable and should be used with caution. We make no claims about them.