Last updated on 2024-05-04 01:48:47 CEST.
Flavor | Version | Tinstall | Tcheck | Ttotal | Status | Flags |
---|---|---|---|---|---|---|
r-devel-linux-x86_64-debian-clang | 0.4.9 | 12.77 | 217.86 | 230.63 | NOTE | |
r-devel-linux-x86_64-fedora-clang | 0.4.9 | 281.11 | NOTE | |||
r-devel-linux-x86_64-fedora-gcc | 0.4.9 | 298.60 | NOTE | |||
r-devel-windows-x86_64 | 0.4.9 | 11.00 | 175.00 | 186.00 | NOTE | |
r-patched-linux-x86_64 | 0.4.9 | 17.19 | 206.66 | 223.85 | NOTE | |
r-release-linux-x86_64 | 0.4.9 | 9.06 | 204.56 | 213.62 | NOTE | |
r-release-macos-arm64 | 0.4.9 | 80.00 | OK | |||
r-release-macos-x86_64 | 0.4.9 | 238.00 | OK | |||
r-release-windows-x86_64 | 0.4.9 | 12.00 | 161.00 | 173.00 | NOTE | |
r-oldrel-macos-arm64 | 0.4.9 | 88.00 | OK | |||
r-oldrel-macos-x86_64 | 0.4.9 | 177.00 | OK | |||
r-oldrel-windows-x86_64 | 0.4.9 | 14.00 | 196.00 | 210.00 | OK |
Version: 0.4.9
Check: HTML version of manual
Result: NOTE
Found the following HTML validation problems:
annotate_axis.html:91:1 (annotate_axis.Rd:54): Warning: trimming empty <h3>
Flavors: r-devel-linux-x86_64-debian-clang, r-devel-linux-x86_64-fedora-clang, r-devel-linux-x86_64-fedora-gcc, r-devel-windows-x86_64, r-patched-linux-x86_64, r-release-linux-x86_64, r-release-windows-x86_64
These binaries (installable software) and packages are in development.
They may not be fully stable and should be used with caution. We make no claims about them.