Last updated on 2024-05-04 01:48:47 CEST.
Flavor | Version | Tinstall | Tcheck | Ttotal | Status | Flags |
---|---|---|---|---|---|---|
r-devel-linux-x86_64-debian-clang | 0.2 | 40.95 | 37.22 | 78.17 | NOTE | |
r-devel-linux-x86_64-fedora-clang | 0.2 | 105.13 | NOTE | |||
r-devel-linux-x86_64-fedora-gcc | 0.2 | 114.86 | NOTE | |||
r-devel-windows-x86_64 | 0.2 | 29.00 | 77.00 | 106.00 | NOTE | |
r-patched-linux-x86_64 | 0.2 | 36.30 | 36.20 | 72.50 | NOTE | |
r-release-linux-x86_64 | 0.2 | 33.75 | 36.02 | 69.77 | NOTE | |
r-release-macos-arm64 | 0.2 | 35.00 | NOTE | |||
r-release-windows-x86_64 | 0.2 | 29.00 | 74.00 | 103.00 | NOTE | |
r-oldrel-macos-arm64 | 0.2 | 38.00 | NOTE | |||
r-oldrel-macos-x86_64 | 0.2 | 57.00 | NOTE | |||
r-oldrel-windows-x86_64 | 0.2 | 36.00 | 80.00 | 116.00 | NOTE |
Version: 0.2
Check: C++ specification
Result: NOTE
Specified C++11: please drop specification unless essential
Flavors: r-devel-linux-x86_64-debian-clang, r-devel-linux-x86_64-fedora-clang, r-devel-linux-x86_64-fedora-gcc, r-devel-windows-x86_64, r-patched-linux-x86_64, r-release-linux-x86_64, r-release-macos-arm64, r-release-windows-x86_64, r-oldrel-macos-arm64, r-oldrel-macos-x86_64, r-oldrel-windows-x86_64
These binaries (installable software) and packages are in development.
They may not be fully stable and should be used with caution. We make no claims about them.