Last updated on 2024-05-04 01:48:47 CEST.
Flavor | Version | Tinstall | Tcheck | Ttotal | Status | Flags |
---|---|---|---|---|---|---|
r-devel-linux-x86_64-debian-clang | 0.1.0 | 40.42 | 159.11 | 199.53 | OK | |
r-devel-linux-x86_64-fedora-clang | 0.1.0 | 247.51 | NOTE | |||
r-devel-linux-x86_64-fedora-gcc | 0.1.0 | 240.37 | NOTE | |||
r-devel-windows-x86_64 | 0.1.0 | 28.00 | 128.00 | 156.00 | OK | |
r-patched-linux-x86_64 | 0.1.0 | 25.43 | 147.50 | 172.93 | OK | |
r-release-linux-x86_64 | 0.1.0 | 24.36 | 144.36 | 168.72 | OK | |
r-release-macos-arm64 | 0.1.0 | 61.00 | OK | |||
r-release-windows-x86_64 | 0.1.0 | 28.00 | 125.00 | 153.00 | OK | |
r-oldrel-macos-arm64 | 0.1.0 | 68.00 | OK | |||
r-oldrel-macos-x86_64 | 0.1.0 | 113.00 | OK | |||
r-oldrel-windows-x86_64 | 0.1.0 | 39.00 | 156.00 | 195.00 | OK |
Version: 0.1.0
Check: dependencies in R code
Result: NOTE
Namespace in Imports field not imported from: ‘R6’
All declared Imports should be used.
Flavors: r-devel-linux-x86_64-fedora-clang, r-devel-linux-x86_64-fedora-gcc
These binaries (installable software) and packages are in development.
They may not be fully stable and should be used with caution. We make no claims about them.