Last updated on 2024-05-04 01:48:47 CEST.
Flavor | Version | Tinstall | Tcheck | Ttotal | Status | Flags |
---|---|---|---|---|---|---|
r-devel-linux-x86_64-debian-clang | 3.11.1-2 | 937.85 | 25.89 | 963.74 | OK | |
r-devel-linux-x86_64-fedora-clang | 3.11.1-2 | 1747.53 | OK | |||
r-devel-linux-x86_64-fedora-gcc | 3.11.1-2 | 1385.52 | OK | |||
r-devel-windows-x86_64 | 3.11.1-2 | 691.00 | 88.00 | 779.00 | OK | |
r-patched-linux-x86_64 | 3.11.1-2 | 882.30 | 24.99 | 907.29 | OK | |
r-release-linux-x86_64 | 3.11.1-2 | 897.33 | 24.13 | 921.46 | OK | |
r-release-macos-arm64 | 3.11.1-2 | 225.00 | NOTE | |||
r-release-windows-x86_64 | 3.11.1-2 | 676.00 | 96.00 | 772.00 | OK | |
r-oldrel-macos-arm64 | 3.11.1-2 | 254.00 | NOTE | |||
r-oldrel-macos-x86_64 | 3.11.1-2 | 175.00 | NOTE | |||
r-oldrel-windows-x86_64 | 3.11.1-2 | 659.00 | 110.00 | 769.00 | OK |
Version: 3.11.1-2
Check: installed package size
Result: NOTE
installed size is 43.5Mb
sub-directories of 1Mb or more:
libs 43.3Mb
Flavors: r-release-macos-arm64, r-oldrel-macos-arm64, r-oldrel-macos-x86_64
These binaries (installable software) and packages are in development.
They may not be fully stable and should be used with caution. We make no claims about them.