Last updated on 2024-05-04 01:48:47 CEST.
Flavor | Version | Tinstall | Tcheck | Ttotal | Status | Flags |
---|---|---|---|---|---|---|
r-devel-linux-x86_64-debian-clang | 4.3.0 | 529.67 | 144.67 | 674.34 | OK | |
r-devel-linux-x86_64-fedora-clang | 4.3.0 | 1278.70 | NOTE | |||
r-devel-linux-x86_64-fedora-gcc | 4.3.0 | 1194.70 | OK | |||
r-devel-windows-x86_64 | 4.3.0 | 471.00 | 185.00 | 656.00 | NOTE | |
r-patched-linux-x86_64 | 4.3.0 | 607.94 | 195.03 | 802.97 | OK | |
r-release-linux-x86_64 | 4.3.0 | 593.43 | 203.49 | 796.92 | OK | |
r-release-macos-arm64 | 4.3.0 | 238.00 | NOTE | |||
r-release-windows-x86_64 | 4.3.0 | 461.00 | 178.00 | 639.00 | NOTE | |
r-oldrel-macos-arm64 | 4.3.0 | 302.00 | NOTE | |||
r-oldrel-macos-x86_64 | 4.3.0 | 368.00 | NOTE | |||
r-oldrel-windows-x86_64 | 4.3.0 | 426.00 | 215.00 | 641.00 | NOTE |
Version: 4.3.0
Check: installed package size
Result: NOTE
installed size is 8.0Mb
sub-directories of 1Mb or more:
libs 7.3Mb
Flavors: r-devel-linux-x86_64-fedora-clang, r-devel-windows-x86_64, r-release-macos-arm64, r-release-windows-x86_64, r-oldrel-macos-arm64, r-oldrel-macos-x86_64, r-oldrel-windows-x86_64
These binaries (installable software) and packages are in development.
They may not be fully stable and should be used with caution. We make no claims about them.