Last updated on 2024-05-04 01:48:48 CEST.
Flavor | Version | Tinstall | Tcheck | Ttotal | Status | Flags |
---|---|---|---|---|---|---|
r-devel-linux-x86_64-debian-clang | 1.0.0 | 7.39 | 129.80 | 137.19 | OK | |
r-devel-linux-x86_64-fedora-clang | 1.0.0 | 173.91 | NOTE | |||
r-devel-linux-x86_64-fedora-gcc | 1.0.0 | 179.95 | NOTE | |||
r-devel-windows-x86_64 | 1.0.0 | 7.00 | 121.00 | 128.00 | OK | |
r-patched-linux-x86_64 | 1.0.0 | 6.64 | 124.06 | 130.70 | OK | |
r-release-linux-x86_64 | 1.0.0 | 5.76 | 121.40 | 127.16 | OK | |
r-release-macos-arm64 | 1.0.0 | 55.00 | OK | |||
r-release-windows-x86_64 | 1.0.0 | 7.00 | 122.00 | 129.00 | OK | |
r-oldrel-macos-arm64 | 1.0.0 | 56.00 | OK | |||
r-oldrel-macos-x86_64 | 1.0.0 | 83.00 | OK | |||
r-oldrel-windows-x86_64 | 1.0.0 | 10.00 | 138.00 | 148.00 | OK |
Version: 1.0.0
Check: data for non-ASCII characters
Result: NOTE
Note: found 888 marked UTF-8 strings
Flavors: r-devel-linux-x86_64-fedora-clang, r-devel-linux-x86_64-fedora-gcc
These binaries (installable software) and packages are in development.
They may not be fully stable and should be used with caution. We make no claims about them.