Last updated on 2024-05-04 01:48:48 CEST.
Flavor | Version | Tinstall | Tcheck | Ttotal | Status | Flags |
---|---|---|---|---|---|---|
r-devel-linux-x86_64-debian-clang | 0.0.2 | 37.63 | 33.54 | 71.17 | NOTE | |
r-devel-linux-x86_64-fedora-clang | 0.0.2 | 90.19 | NOTE | |||
r-devel-linux-x86_64-fedora-gcc | 0.0.2 | 113.63 | NOTE | |||
r-devel-windows-x86_64 | 0.0.2 | 35.00 | 69.00 | 104.00 | NOTE | |
r-patched-linux-x86_64 | 0.0.2 | 46.49 | 32.54 | 79.03 | OK | |
r-release-linux-x86_64 | 0.0.2 | 43.48 | 32.99 | 76.47 | OK | |
r-release-macos-arm64 | 0.0.2 | 28.00 | OK | |||
r-release-windows-x86_64 | 0.0.2 | 37.00 | 68.00 | 105.00 | OK | |
r-oldrel-macos-arm64 | 0.0.2 | 31.00 | OK | |||
r-oldrel-macos-x86_64 | 0.0.2 | 64.00 | OK | |||
r-oldrel-windows-x86_64 | 0.0.2 | 32.00 | 75.00 | 107.00 | OK |
Version: 0.0.2
Check: compiled code
Result: NOTE
File ‘literanger/libs/literanger.so’:
Found non-API calls to R: ‘SETLENGTH’, ‘SET_TRUELENGTH’
Compiled code should not call non-API entry points in R.
See ‘Writing portable packages’ in the ‘Writing R Extensions’ manual.
Flavors: r-devel-linux-x86_64-debian-clang, r-devel-linux-x86_64-fedora-clang, r-devel-linux-x86_64-fedora-gcc
Version: 0.0.2
Check: compiled code
Result: NOTE
File 'literanger/libs/x64/literanger.dll':
Found non-API calls to R: 'SETLENGTH', 'SET_TRUELENGTH'
Compiled code should not call non-API entry points in R.
See 'Writing portable packages' in the 'Writing R Extensions' manual.
Flavor: r-devel-windows-x86_64
These binaries (installable software) and packages are in development.
They may not be fully stable and should be used with caution. We make no claims about them.