Last updated on 2024-05-04 01:48:48 CEST.
Flavor | Version | Tinstall | Tcheck | Ttotal | Status | Flags |
---|---|---|---|---|---|---|
r-devel-linux-x86_64-debian-clang | 1.1-35.3 | 115.64 | 597.66 | 713.30 | OK | |
r-devel-linux-x86_64-fedora-clang | 1.1-35.3 | 895.58 | NOTE | |||
r-devel-linux-x86_64-fedora-gcc | 1.1-35.3 | 936.47 | OK | |||
r-devel-windows-x86_64 | 1.1-35.3 | 86.00 | 408.00 | 494.00 | NOTE | |
r-patched-linux-x86_64 | 1.1-35.3 | 92.27 | 573.03 | 665.30 | OK | |
r-release-linux-x86_64 | 1.1-35.3 | 91.52 | 564.79 | 656.31 | OK | |
r-release-macos-arm64 | 1.1-35.3 | 165.00 | NOTE | |||
r-release-macos-x86_64 | 1.1-35.3 | 291.00 | NOTE | |||
r-release-windows-x86_64 | 1.1-35.3 | 86.00 | 392.00 | 478.00 | NOTE | |
r-oldrel-macos-arm64 | 1.1-35.3 | 214.00 | NOTE | |||
r-oldrel-macos-x86_64 | 1.1-35.3 | 295.00 | NOTE | |||
r-oldrel-windows-x86_64 | 1.1-35.3 | 111.00 | 493.00 | 604.00 | NOTE |
Version: 1.1-35.3
Check: installed package size
Result: NOTE
installed size is 5.9Mb
sub-directories of 1Mb or more:
R 1.5Mb
doc 1.6Mb
testdata 1.3Mb
Flavors: r-devel-linux-x86_64-fedora-clang, r-devel-windows-x86_64, r-release-macos-arm64, r-release-macos-x86_64, r-release-windows-x86_64, r-oldrel-macos-arm64, r-oldrel-macos-x86_64, r-oldrel-windows-x86_64
These binaries (installable software) and packages are in development.
They may not be fully stable and should be used with caution. We make no claims about them.